**3 - 3 + 3*r - 5*r**2 + f. Give o(4).
-7
Suppose -2*j = 2*r - 0*j - 76, -2*r + 5*j = -76. Suppose 32 = 2*o + r. Let d(z) be the third derivative of z**4/12 - z**3/2 - z**2. What is d(o)?
-9
Let x(n) = -n**2 - 3*n - 2. Let v be x(-4). Let h(j) be the first derivative of j**2/2 - 391. Give h(v).
-6
Let d = -126 + 123. Let i(g) be the second derivative of -g**5/20 - g**4/12 + 2*g**3/3 + g**2/2 - 2*g. Calculate i(d).
7
Let b = -1298 + 1289. Let p(v) = -v**3 - 9*v**2 + 20. What is p(b)?
20
Let z(t) = -t**3 - t**2 + t + 7. Let j = 11 - 11. Give z(j).
7
Suppose -g + 3*g - 3*v = 1, -g - 32 = 5*v. Let m = 129 - 134. Let h(x) = -6*x**2 - 5*x - 2. Let b(l) = 5*l**2 + 5*l. Let u(s) = m*b(s) - 4*h(s). Give u(g).
-6
Suppose 11*o - 7*o = 0. Suppose 3*n - 8*n = -30. Let y(r) = -r**2 - 3 + r**3 + n + 0*r + 0*r**2 - r. Calculate y(o).
3
Let t(w) = 0 - 7 + 0 - w**2 - w + 2. Suppose 3*j = -2*j. Calculate t(j).
-5
Let d(p) = -5*p**2 + 4*p - 4. Let b(x) = x**2 - x + 1. Let s(c) = 11*b(c) + 2*d(c). Calculate s(-3).
21
Let x(n) be the second derivative of -2*n**3/3 - 3*n**2/2 - n + 8. Let d = 0 - 2. Calculate x(d).
5
Let q(d) = -7*d**2 + 12*d + 24 + d**2 - 83*d**3 + 82*d**3 - 3*d**2. Determine q(-10).
4
Let l(g) = -g**3 - 8 - 7*g**2 - 4 - 11*g - 3*g + 31*g. What is l(-9)?
-3
Let n = 2 - -3. Suppose 4*h - n*h = -1. Let o(s) = 3*s - 5*s - 4*s + 0*s. What is o(h)?
-6
Let h(o) = -3*o - 3. Suppose 0*j + 124 = 2*n - 3*j, 3*n - 189 = 3*j. Let l = n + -69. Give h(l).
9
Let i(m) = m**2 + 4*m + 3. Let y be (-3)/(-4)*(-48)/6. Determine i(y).
15
Let o(c) = -c**2 + 0*c**2 - c + 3 + 13*c. Let b be o(12). Let w(q) = 5*q + 2. Give w(b).
17
Let s be -1 - -3 - 3 - (6 + -20). Let a(y) = 3*y - 2*y + 10 - s + 9. Determine a(-4).
2
Let n be (-2)/(2/(-3)) + 2. Suppose -23 = -n*v + 2. Let m(q) be the second derivative of -q**3/2 + 7*q**2/2 - 2*q. Calculate m(v).
-8
Let l(k) be the second derivative of -k**5/20 - k**3/6 - 12*k**2 + 48*k. Determine l(0).
-24
Suppose 5*b - 2 = -f, 5*f - 2 = -5*b + 8. Let u(j) = -j**3 + j**2 + 3*j - 3. Determine u(f).
-1
Suppose i + 16 = 2*p + 6*i, -2*p = 2*i - 16. Let h(c) be the second derivative of -c**4/12 + 3*c**3/2 + c**2/2 - 3*c + 917. Calculate h(p).
9
Suppose -16*t - 18 = -10*t. Let k(f) be the first derivative of 4*f**2 + 14*f - 2. Let h(b) = 7*b + 13. Let z(u) = -7*h(u) + 6*k(u). What is z(t)?
-4
Let o(m) = 54*m + 410. Let n(h) = -11*h - 82. Let z(a) = -14*n(a) - 3*o(a). Let k be z(-11). Let b(c) = c + 2. Determine b(k).
8
Let i(z) = z**3 - 5*z**2 - 8*z + 7. Suppose 16*o = 39 + 57. Calculate i(o).
-5
Let u(h) = 2*h + 2. Let x = -1 - 1. Let q = -282 - -286. Let b be (x + 1)*(q - 1). Determine u(b).
-4
Let h(v) = v**2 - 8*v + 1. Let d be h(7). Suppose 4*y + 4*c = -0*y + 4, -45 = -5*y + 3*c. Let z(a) = -11 + 2 + a**2 + 7 + y*a. Determine z(d).
-2
Let c = 395 + -389. Let k(v) = v - 13. What is k(c)?
-7
Suppose 8 = 5*z + a - 14, 4*z - 5*a - 6 = 0. Let h(d) = 4*d + 31. Let o be h(-7). Let y(n) = -o*n - 9*n + z + 10*n. Determine y(6).
-8
Let b(l) = 4*l + 4*l**2 - 4 - 65912*l**3 - l + 65913*l**3. Let w = 6 + -9. What is b(w)?
-4
Let t be 3 + 5 - (39 - 29). Let j(f) = -6*f - 8. What is j(t)?
4
Let l = 6 + 3. Let i(t) be the third derivative of -t**4/12 + 13*t**3/6 - 77*t**2 + 2. What is i(l)?
-5
Suppose 4*n - 5 = 11. Suppose -n*x = -4*c + 8, 3*c + 4*x + 1 = -7. Let a(b) = c + b + 1 + 6. Determine a(-6).
1
Let b be ((-7 - -3) + 5 + -2)*1. Let a(x) = 37*x. Calculate a(b).
-37
Let y(f) be the third derivative of f**5/60 - 5*f**4/24 + f**3/3 - 9*f**2. Give y(4).
-2
Let s(g) = 3*g + 4. Let l(v) = -v**3 + 7*v**2 - 7*v + 3. Let n(j) = -2*j - 4. Let m be n(-5). Let u be l(m). Let y = u - 1. Determine s(y).
-8
Let y(p) = 4*p + 0*p - 5*p + 8. Let t(f) = -2*f**2 + 22*f - 43*f + 7 + 11*f + 15*f. Let j be t(3). Give y(j).
4
Let a be (-1 - (-4)/(-42)*-15)*7. Let z(j) = 1 + 9*j - 6*j - 4*j. Calculate z(a).
-2
Let q(h) = h**3 - 2*h**2 - 8*h + 13. Let j be q(3). Let a(n) = -n + 4. Give a(j).
6
Let b(k) = 5*k**2 - 6*k + 13. Let d(y) = 2*y**2 + y + 5. Let j(z) = b(z) - 2*d(z). Let r be (2 + -1)/((-1)/(-2)). Let l be r - 0 - 6/(-2). Calculate j(l).
-12
Let q(g) = -1 - 1009*g + 2016*g - 1016*g. Calculate q(-1).
8
Let c(g) = -32*g + 37*g + 5 - 16 - 5. Determine c(3).
-1
Let z(c) = 2*c**2 - 1. Let y be -1*-1*3*(-28)/3. Let r be (-2)/(-5) + y/20. What is z(r)?
1
Suppose 4*z = 2*t + 12, -4*t + 7 + 21 = 5*z. Let v be (2 - 1)*(t + -3). Let b(y) = -10*y - 1. Calculate b(v).
9
Suppose -3*b + 0 = -a - 16, a + 4*b = 12. Let l(u) = u**3 + 2*u**2 - 8*u - 7. Determine l(a).
-7
Let x be (-20)/(-2)*4/(4 + 4). Let w(f) = -7*f**2 + 7*f + 35. Let c(g) = -3*g**2 + 3*g + 18. Let n(h) = x*c(h) - 2*w(h). What is n(0)?
20
Let x(r) = 545*r**2 - 30*r**3 - 507*r**2 + 32*r**3. Give x(-19).
0
Let w(n) = 0 - 19*n**2 - 16*n**2 - 3 + 2 - 2*n. Give w(-1).
-34
Let c(r) be the first derivative of r**4/12 - r**3/6 - 3*r**2 + 4*r + 36. Let k(s) be the second derivative of c(s). Determine k(4).
7
Let c(i) = -8*i - 12. Let k(a) = -4*a - 6. Let p(y) = 2*c(y) - 5*k(y). Let b be p(-4). Let l(h) = -h**2 - 10*h + 2. Determine l(b).
2
Let w(x) = 3*x**3 - 5*x**2 + 1. Let k be w(2). Let y(z) = 3*z**3 - 5*z**2 - 2*z - 4. Let t(f) = -f**3 + f. Let v(n) = -2*t(n) - y(n). What is v(k)?
4
Suppose -4*i - i = 0. Suppose i = 4*a - 20 - 0. Suppose a*g - 20 = k - 1, k + 10 = 2*g. Let v(f) = f + 3. Calculate v(g).
6
Let n(f) = -f + 2. Let h be n(1). Let x(g) = 3*g**3 + 3*g**3 - h - 6*g - 3*g**3 - 5*g**2 - 2*g**3. Calculate x(6).
-1
Suppose -3*f + 3*v + 6 + 6 = 0, -5*f = 2*v + 15. Let i(x) = 8*x**3 - x**2 + 3*x + 2. Give i(f).
-10
Let h(i) be the first derivative of i**4/2 + 4*i**3/3 + i**2 - 3. Suppose 1 = 3*u + 7. What is h(u)?
-4
Let j(v) = 4*v + 5. Let q(l) = l**2 - l - 1. Let y(a) = j(a) - 2*q(a). Give y(5).
-13
Let u(k) = -k**2 - 4*k + 12. Let m be u(-5). Let b(c) be the second derivative of c**4/12 - 3*c**3/2 + 2*c**2 - 12*c. Calculate b(m).
-10
Let l(j) = j**2 - 4*j + 11. Let k(z) = z**2 - 4*z + 12. Let m(d) = -6*k(d) + 7*l(d). Give m(2).
1
Let s(d) = -d**2 + d + 7. Let o be (20 - 10) + -10 + 6/(-2). Calculate s(o).
-5
Let f(s) = 62*s - 33*s + 1 - 25*s + 2 - 1. Suppose -6*o + o - 10 = 0. Determine f(o).
-6
Suppose -4*z - 1 + 7 = -3*t, 4*t = -z + 11. Suppose -h + 9 = -4*h - 3*c, -2*h - 9 = z*c. Let g be -4 - (0 + h)/(-1). Let d(s) = -s**2 - 5*s - 2. Calculate d(g).
2
Let y(g) be the second derivative of -g**3/6 - 3*g**2/2 + 20*g. Let f = -3 + 5. Suppose -3*n + f*n = 6. Calculate y(n).
3
Let o be 4/30*-9*5. Let u(j) = -3*j - 3. Give u(o).
15
Let x(p) be the third derivative of -p**4/24 + 5*p**3/3 - 6*p**2. Let f be x(7). Let y(c) = -5*c**2 + f - 5*c - c**3 + c + 0*c**2 - 2. Calculate y(-4).
1
Let b(v) = 5*v + 7. Let o(m) be the first derivative of 3*m**2 - 41*m - 22. Let q be o(6). Give b(q).
-18
Suppose -w = -q + 1, 4*w + 4 = q - 0. Let c(t) = t - 36. Let i be c(37). Let m(v) = -2*v. Let b(l) = -l. Let p(z) = i*m(z) + w*b(z). What is p(-6)?
6
Suppose 5*m + 0*p = 4*p + 165, -5*p = -5*m + 165. Let u = m - 28. Let w(v) = -v**3 + 5*v**2 - 2*v + 5. Determine w(u).
-5
Suppose 3*d + 5 = -10. Let y(r) = -r**2 - 6*r - 8. Give y(d).
-3
Let g be 8 + -9 + 5 - (-7 + 2). Let z(i) = i**2 - 12*i - 4. Determine z(g).
-31
Let s be ((-1 - -3) + 4)/1. Let b(i) = -123 + 116 - i**3 + i + 6*i**2 + 0*i**3. Determine b(s).
-1
Let r(j) = 7*j + 9. Let h(s) = -2*s - 2. Let t(f) = -3*h(f) - r(f). Determine t(0).
-3
Let z(t) = 3*t - 22. Let g be z(8). Let f be (g/(-7))/(1/7). Let q(r) = 3*r**3 + 3*r**2 + 4*r + 2. Calculate q(f).
-18
Let a(q) = -q**2 + q - 2. Let k(s) = -s**2 - 3. Let p(z) = 3*a(z) - 2*k(z). Let n be p(2). Let i(r) = -3*r**2 + n - 2 - 3 - 4*r + r - r**3. Calculate i(-2).
-1
Suppose 6*f + 63 + 105 = 0. Let u be 7/f - (-11)/(-4). Let x(d) = 2*d - 3. Calculate x(u).
-9
Suppose 12*d + 533 = -139. Let x be (-50)/(-375) + d/(-30). Let n(v) = -4*v + 1. What is n(x)?
-7
Let l(y) = -y**3 + 2*y**2 + y + 1. Let p(d) = 5*d**3 - 11*d**2 - 14*d - 7. Let i(q) = 4*l(q) + p(q). Determine i(5).
-3
Let x(z) = 2*z**2 + 3*z**3 + 2*z**3 + z - 2 - 4*z**3 - 3*z**2. Let a = -3 + 5. Let t be x(a). Let f(r) = -r**2 + 2*r - 1. Calculate f(t).
-9
Let d(s) = 3*s**3 - 14*s**2 + 21*s - 5. Let k(v) = -2*v**3 + 9*v**2 - 14*v + 3. Let y(r) = -5*d(r) - 7*k(r). Calculate y(